{"id":34,"date":"2023-10-15T23:15:54","date_gmt":"2023-10-15T21:15:54","guid":{"rendered":"https:\/\/www.emna-engineering.com\/index.php\/home\/"},"modified":"2025-09-08T03:19:24","modified_gmt":"2025-09-08T01:19:24","slug":"accueil","status":"publish","type":"page","link":"https:\/\/www.emna-engineering.com\/","title":{"rendered":"Accueil"},"content":{"rendered":"\n<div class=\"wp-block-group alignfull has-no-underline gutenify-section-c4249530-2d66-11ee-bc19-6d5cb3e09be1 is-layout-constrained wp-container-core-group-is-layout-6094b662 wp-block-group-is-layout-constrained\" style=\"margin-top:0;margin-bottom:0;padding-top:0;padding-right:0;padding-bottom:0;padding-left:0\">\n<div class=\"wp-block-group alignfull gutenify-section-c31dfaa0-2d66-11ee-bc19-6d5cb3e09be1 is-layout-flow wp-block-group-is-layout-flow\">\n<div class=\"wp-block-cover alignfull is-light gutenify-section-c31d3750-2d66-11ee-bc19-6d5cb3e09be1\" style=\"padding-top:9vw;padding-right:30px;padding-bottom:9vw;padding-left:30px\"><img loading=\"lazy\" decoding=\"async\" width=\"826\" height=\"551\" class=\"wp-block-cover__image-background wp-image-67\" alt=\"\" src=\"https:\/\/www.emna-engineering.com\/wp-content\/uploads\/2023\/10\/medium-shot-architect-discussing-project-with-client_23-2148242952.jpg\" data-object-fit=\"cover\" srcset=\"https:\/\/www.emna-engineering.com\/wp-content\/uploads\/2023\/10\/medium-shot-architect-discussing-project-with-client_23-2148242952.jpg 826w, https:\/\/www.emna-engineering.com\/wp-content\/uploads\/2023\/10\/medium-shot-architect-discussing-project-with-client_23-2148242952-300x200.jpg 300w, https:\/\/www.emna-engineering.com\/wp-content\/uploads\/2023\/10\/medium-shot-architect-discussing-project-with-client_23-2148242952-768x512.jpg 768w\" sizes=\"auto, (max-width: 826px) 100vw, 826px\" \/><span aria-hidden=\"true\" class=\"wp-block-cover__background has-foreground-background-color has-background-dim\"><\/span><div class=\"wp-block-cover__inner-container is-layout-flow wp-block-cover-is-layout-flow\">\n<div class=\"wp-block-group alignwide gutenify-section-c31b1470-2d66-11ee-bc19-6d5cb3e09be1 is-layout-constrained wp-block-group-is-layout-constrained\">\n<div class=\"wp-block-group alignwide gutenify-section-c31a5120-2d66-11ee-bc19-6d5cb3e09be1 is-layout-constrained wp-container-core-group-is-layout-a0e267a4 wp-block-group-is-layout-constrained\" style=\"padding-left:0%\">\n<div class=\"wp-block-group alignwide gutenify-section-c31743e0-2d66-11ee-bc19-6d5cb3e09be1 is-layout-flow wp-container-core-group-is-layout-287e4b37 wp-block-group-is-layout-flow\" style=\"padding-top:0px;padding-right:0px;padding-bottom:0px;padding-left:0px\">\n<h3 class=\"wp-block-heading has-text-align-center gutenify-section-c312d710-2d66-11ee-bc19-6d5cb3e09be1 has-background-color has-text-color\" style=\"letter-spacing:3px;line-height:1.5\"><\/h3>\n\n\n\n<div class=\"wp-block-group gutenify-section-c3168090-2d66-11ee-bc19-6d5cb3e09be1 is-layout-flow wp-container-core-group-is-layout-b5f1417b wp-block-group-is-layout-flow\" style=\"padding-top:var(--wp--preset--spacing--20);padding-bottom:0;line-height:1.1\">\n<h3 class=\"wp-block-heading has-text-align-center gutenify-section-64c1e740-6ba1-11ee-a841-b543c6a14528 has-background-color has-text-color has-colossal-font-size\" style=\"margin-top:0;margin-bottom:0\">Construisons l&rsquo;avenir ensemble, avec pr\u00e9cision et innovation<\/h3>\n\n\n\n<h2 class=\"wp-block-heading has-text-align-center gutenify-section-c31484c0-2d66-11ee-bc19-6d5cb3e09be1 has-background-color has-text-color has-colossal-font-size\" style=\"margin-top:0;margin-bottom:var(--wp--preset--spacing--40)\"><\/h2>\n\n\n\n<h5 class=\"wp-block-heading has-text-align-center gutenify-section-c3154810-2d66-11ee-bc19-6d5cb3e09be1 has-background-color has-text-color has-medium-font-size\" style=\"font-style:normal;font-weight:400\">EMNA ENGINEERING est un bureau d&rsquo;\u00e9tudes techniques sp\u00e9cialis\u00e9 dans l&rsquo;\u00e9tude des structures en b\u00e9ton arm\u00e9 et les structures m\u00e9talliques.<\/h5>\n<\/div>\n<\/div>\n\n\n\n<div class=\"wp-block-group alignwide gutenify-section-c31966c0-2d66-11ee-bc19-6d5cb3e09be1 is-layout-flow wp-container-core-group-is-layout-d6743c7d wp-block-group-is-layout-flow\">\n<div class=\"wp-block-buttons alignwide gutenify-section-c318ca80-2d66-11ee-bc19-6d5cb3e09be1 is-content-justification-center is-layout-flex wp-container-core-buttons-is-layout-01dadc31 wp-block-buttons-is-layout-flex\" style=\"margin-top:40px;margin-bottom:20px\"><\/div>\n<\/div>\n<\/div>\n<\/div>\n<\/div><\/div>\n<\/div>\n\n\n\n<div class=\"wp-block-group alignfull gutenify-section-c33ccd40-2d66-11ee-bc19-6d5cb3e09be1 has-background-background-color has-background is-layout-constrained wp-container-core-group-is-layout-341efb48 wp-block-group-is-layout-constrained\" style=\"padding-top:100px;padding-right:30px;padding-bottom:100px;padding-left:30px\">\n<div class=\"wp-block-group gutenify-section-c3232ac0-2d66-11ee-bc19-6d5cb3e09be1 is-layout-constrained wp-container-core-group-is-layout-a12fd3f4 wp-block-group-is-layout-constrained\" style=\"padding-top:0px;padding-right:0px;padding-bottom:70px;padding-left:0px\">\n<div class=\"wp-block-group gutenify-section-c3226770-2d66-11ee-bc19-6d5cb3e09be1 is-layout-constrained wp-container-core-group-is-layout-00831e1a wp-block-group-is-layout-constrained\">\n<h2 class=\"wp-block-heading has-text-align-center gutenify-section-c320e0d0-2d66-11ee-bc19-6d5cb3e09be1 has-foreground-color has-text-color has-huge-font-size\" style=\"line-height:1.3;text-transform:capitalize\">Nos Services<\/h2>\n\n\n\n<p class=\"gutenify-section-c321a420-2d66-11ee-bc19-6d5cb3e09be1\">Notre domaine d&rsquo;expertise englobe l&rsquo;ensemble des \u00e9tapes cruciales d&rsquo;un projet de construction, que ce soit la conception de b\u00e2timents neufs ou la r\u00e9novation, tout en respectant scrupuleusement les r\u00e9glementations en vigueur. Notre engagement s&rsquo;articule autour des missions cl\u00e9s suivantes :<\/p>\n<\/div>\n<\/div>\n\n\n\n<div class=\"wp-block-columns alignwide gutenify-section-c33be2e0-2d66-11ee-bc19-6d5cb3e09be1 is-layout-flex wp-container-core-columns-is-layout-846a476c wp-block-columns-is-layout-flex\" style=\"margin-top:0px;margin-bottom:0px\">\n<div class=\"wp-block-column gutenify-section-c3299360-2d66-11ee-bc19-6d5cb3e09be1 has-background is-layout-flow wp-block-column-is-layout-flow\" style=\"background-color:#ffb25900\">\n<div class=\"wp-block-group gutenify-section-c328f720-2d66-11ee-bc19-6d5cb3e09be1 has-background-background-color has-background has-link-color wp-elements-5b59aa5f1554f96f0ae5e707935c9909 is-layout-flow wp-container-core-group-is-layout-8af33c17 wp-block-group-is-layout-flow\" style=\"border-style:none;border-width:0px;border-radius:0px;padding-top:0px;padding-right:0px;padding-bottom:0px;padding-left:0px\">\n<div class=\"wp-block-group gutenify-section-c32610f0-2d66-11ee-bc19-6d5cb3e09be1 is-layout-constrained wp-container-core-group-is-layout-46b365e2 wp-block-group-is-layout-constrained\" style=\"border-style:none;border-width:0px;border-radius:10px;padding-top:0;padding-right:0;padding-bottom:0;padding-left:0\">\n<figure class=\"wp-block-image size-large gutenify-section-c3252690-2d66-11ee-bc19-6d5cb3e09be1\"><img decoding=\"async\" src=\"https:\/\/demo.gutenify.com\/gutenify-template-hub\/wp-content\/uploads\/sites\/131\/2023\/07\/african-african-american-agenda-agreement-american-black-1431451-pxhere.com_-1024x666.webp\" alt=\"\" class=\"wp-image-4340\"\/><\/figure>\n<\/div>\n\n\n\n<div class=\"wp-block-group gutenify-section-c32833d0-2d66-11ee-bc19-6d5cb3e09be1 is-layout-flow wp-container-core-group-is-layout-d2057c59 wp-block-group-is-layout-flow\" style=\"padding-top:25px;padding-right:0px;padding-bottom:0px;padding-left:0px\">\n<h3 class=\"wp-block-heading has-text-align-left gutenify-section-2d966b80-2d6a-11ee-aec2-99a24de8aa31 has-foreground-color has-text-color has-link-color wp-elements-79d0416501335fd1d29806f8c5b02cdf\" style=\"font-size:1.5rem;font-style:normal;font-weight:600;text-transform:capitalize\">ma\u00eetrise d&rsquo;\u0153uvre technique<\/h3>\n\n\n\n<p class=\"has-text-align-left gutenify-section-c326d440-2d66-11ee-bc19-6d5cb3e09be1 has-body-text-color has-text-color\">La ma\u00eetrise d&rsquo;\u0153uvre technique en phase d&rsquo;avant-projet se traduit par une pr\u00e9paration minutieuse des dossiers de consultation des entreprises. Elle identifie \u00e9galement les points cl\u00e9s de coordination entre les diff\u00e9rents intervenants.<\/p>\n<\/div>\n<\/div>\n<\/div>\n\n\n\n<div class=\"wp-block-column gutenify-section-c32f86d0-2d66-11ee-bc19-6d5cb3e09be1 has-background is-layout-flow wp-block-column-is-layout-flow\" style=\"background-color:#ffb25900\">\n<div class=\"wp-block-group gutenify-section-c32ec380-2d66-11ee-bc19-6d5cb3e09be1 has-background-background-color has-background has-link-color wp-elements-8ca1d887ffbdf8f3b301ddf718c8603d is-layout-flow wp-container-core-group-is-layout-8af33c17 wp-block-group-is-layout-flow\" style=\"border-style:none;border-width:0px;border-radius:0px;padding-top:0px;padding-right:0px;padding-bottom:0px;padding-left:0px\">\n<div class=\"wp-block-group gutenify-section-c32b1a00-2d66-11ee-bc19-6d5cb3e09be1 is-layout-constrained wp-container-core-group-is-layout-46b365e2 wp-block-group-is-layout-constrained\" style=\"border-style:none;border-width:0px;border-radius:10px;padding-top:0;padding-right:0;padding-bottom:0;padding-left:0\">\n<figure class=\"wp-block-image size-large gutenify-section-c32a7dc0-2d66-11ee-bc19-6d5cb3e09be1\"><img decoding=\"async\" src=\"https:\/\/demo.gutenify.com\/gutenify-template-hub\/wp-content\/uploads\/sites\/131\/2023\/07\/analysis-brainstorming-business-businessman-businesswoman-collaboration-1455461-pxhere.com_-1024x683.webp\" alt=\"\" class=\"wp-image-4341\"\/><\/figure>\n<\/div>\n\n\n\n<div class=\"wp-block-group gutenify-section-c32e0030-2d66-11ee-bc19-6d5cb3e09be1 is-layout-flow wp-container-core-group-is-layout-d2057c59 wp-block-group-is-layout-flow\" style=\"padding-top:25px;padding-right:0px;padding-bottom:0px;padding-left:0px\">\n<h3 class=\"wp-block-heading has-text-align-left gutenify-section-c32c0460-2d66-11ee-bc19-6d5cb3e09be1 has-foreground-color has-text-color has-link-color wp-elements-7e04122c73722a1c65f533cb7ec1354f\" style=\"font-size:1.5rem;font-style:normal;font-weight:600;text-transform:capitalize\">ma\u00eetrise d&rsquo;\u0153uvre d&rsquo;ex\u00e9cution<\/h3>\n\n\n\n<p class=\"has-text-align-left gutenify-section-c32ca0a0-2d66-11ee-bc19-6d5cb3e09be1 has-body-text-color has-text-color\">Nous assurons une direction rigoureuse des travaux de construction ainsi qu&rsquo;une coordination harmonieuse entre les divers acteurs impliqu\u00e9s dans chaque projet. Nous nous engageons \u00e9galement \u00e0 garantir le respect des d\u00e9lais et des budgets, tout en maintenant les plus hauts standards de qualit\u00e9.<\/p>\n<\/div>\n<\/div>\n<\/div>\n\n\n\n<div class=\"wp-block-column gutenify-section-c3357a40-2d66-11ee-bc19-6d5cb3e09be1 has-background is-layout-flow wp-block-column-is-layout-flow\" style=\"background-color:#ffb25900\">\n<div class=\"wp-block-group gutenify-section-c334b6f0-2d66-11ee-bc19-6d5cb3e09be1 has-background-background-color has-background has-link-color wp-elements-8695e9a74983ff32171867cc9447079a is-layout-flow wp-container-core-group-is-layout-8af33c17 wp-block-group-is-layout-flow\" style=\"border-style:none;border-width:0px;border-radius:0px;padding-top:0px;padding-right:0px;padding-bottom:0px;padding-left:0px\">\n<div class=\"wp-block-group gutenify-section-c3313480-2d66-11ee-bc19-6d5cb3e09be1 is-layout-constrained wp-container-core-group-is-layout-46b365e2 wp-block-group-is-layout-constrained\" style=\"border-style:none;border-width:0px;border-radius:10px;padding-top:0;padding-right:0;padding-bottom:0;padding-left:0\">\n<figure class=\"wp-block-image size-large gutenify-section-c3307130-2d66-11ee-bc19-6d5cb3e09be1\"><img decoding=\"async\" src=\"https:\/\/demo.gutenify.com\/gutenify-template-hub\/wp-content\/uploads\/sites\/131\/2023\/07\/analysis-business-chart-computer-connection-copy-space-1568883-pxhere.com_-1024x667.webp\" alt=\"\" class=\"wp-image-4342\"\/><\/figure>\n<\/div>\n\n\n\n<div class=\"wp-block-group gutenify-section-c3341ab0-2d66-11ee-bc19-6d5cb3e09be1 is-layout-flow wp-container-core-group-is-layout-fd5b27e9 wp-block-group-is-layout-flow\" style=\"padding-top:25px;padding-right:0;padding-bottom:0;padding-left:0\">\n<h3 class=\"wp-block-heading has-text-align-left gutenify-section-c331d0c0-2d66-11ee-bc19-6d5cb3e09be1 has-foreground-color has-text-color has-link-color wp-elements-f078e263a224fea3f8ed40ddad85b8bf\" style=\"font-size:1.5rem;font-style:normal;font-weight:600;text-transform:capitalize\">\u00e9tudes techniques d&rsquo;ex\u00e9cution<\/h3>\n\n\n\n<p class=\"has-text-align-left gutenify-section-c3329410-2d66-11ee-bc19-6d5cb3e09be1 has-body-text-color has-text-color\">Des \u00e9tudes techniques d&rsquo;ex\u00e9cution, appuy\u00e9es par des plans d\u00e9taill\u00e9s et des calculs de structures solides, qu&rsquo;il s&rsquo;agisse de b\u00e9ton arm\u00e9, de structures m\u00e9talliques ou encore de bois, sont au c\u0153ur de notre approche m\u00e9ticuleuse et ax\u00e9e sur la pr\u00e9cision technique.<\/p>\n<\/div>\n<\/div>\n<\/div>\n\n\n\n<div class=\"wp-block-column gutenify-section-c33af880-2d66-11ee-bc19-6d5cb3e09be1 has-background is-layout-flow wp-block-column-is-layout-flow\" style=\"background-color:#ffb25900\">\n<div class=\"wp-block-group gutenify-section-c33a3530-2d66-11ee-bc19-6d5cb3e09be1 has-background-background-color has-background has-link-color wp-elements-4f6e5266330362db3c0b1baa38f64aa8 is-layout-flow wp-container-core-group-is-layout-8af33c17 wp-block-group-is-layout-flow\" style=\"border-style:none;border-width:0px;border-radius:0px;padding-top:0px;padding-right:0px;padding-bottom:0px;padding-left:0px\">\n<div class=\"wp-block-group gutenify-section-c33700e0-2d66-11ee-bc19-6d5cb3e09be1 is-layout-constrained wp-container-core-group-is-layout-46b365e2 wp-block-group-is-layout-constrained\" style=\"border-style:none;border-width:0px;border-radius:10px;padding-top:0;padding-right:0;padding-bottom:0;padding-left:0\">\n<figure class=\"wp-block-image size-large gutenify-section-c33664a0-2d66-11ee-bc19-6d5cb3e09be1\"><img decoding=\"async\" src=\"https:\/\/demo.gutenify.com\/gutenify-template-hub\/wp-content\/uploads\/sites\/131\/2023\/07\/computer-working-person-group-people-meeting-559565-pxhere.com-min-1024x683.jpg\" alt=\"\" class=\"wp-image-4360\"\/><\/figure>\n<\/div>\n\n\n\n<div class=\"wp-block-group gutenify-section-c33971e0-2d66-11ee-bc19-6d5cb3e09be1 is-layout-flow wp-container-core-group-is-layout-10a14dd2 wp-block-group-is-layout-flow\" style=\"padding-top:25px;padding-right:0;padding-bottom:0;padding-left:0\">\n<h3 class=\"wp-block-heading has-text-align-left gutenify-section-2e10a490-2d6a-11ee-aec2-99a24de8aa31 has-foreground-color has-text-color has-link-color wp-elements-0aa3d69eabd287044a0e3cb958863c9a\" style=\"font-size:1.5rem;font-style:normal;font-weight:600;text-transform:capitalize\"><a href=\"#\"><\/a>recherche &amp; d\u00e9veloppement<\/h3>\n\n\n\n<p>Notre d\u00e9marche, guid\u00e9e par une recherche et un d\u00e9veloppement constants, alimente la cr\u00e9ation de nos propres outils de calcul de structures et de gestion de projets. Cette approche dynamique vise \u00e0 maximiser notre efficacit\u00e9 et \u00e0 r\u00e9pondre sp\u00e9cifiquement aux besoins de nos clients.<\/p>\n<\/div>\n<\/div>\n<\/div>\n<\/div>\n<\/div>\n\n\n\n<div class=\"wp-block-group alignfull gutenify-section-11dc6370-ddb1-11ee-81c2-31b9d7d43174 is-layout-constrained wp-container-core-group-is-layout-955c507f wp-block-group-is-layout-constrained\" style=\"padding-top:100px;padding-right:30px;padding-bottom:100px;padding-left:30px\">\n<div class=\"wp-block-columns alignwide gutenify-section-11cb7380-ddb1-11ee-81c2-31b9d7d43174 is-layout-flex wp-container-core-columns-is-layout-5f15b89b wp-block-columns-is-layout-flex\" style=\"padding-top:0;padding-right:0;padding-bottom:0;padding-left:0\">\n<div class=\"wp-block-column is-vertically-aligned-center gutenify-section-11af38f0-ddb1-11ee-81c2-31b9d7d43174 is-layout-flow wp-block-column-is-layout-flow\" style=\"padding-top:40px;padding-right:40px;padding-bottom:40px;padding-left:0px\">\n<div class=\"wp-block-group alignwide gutenify-section-11a28ec0-ddb1-11ee-81c2-31b9d7d43174 is-layout-constrained wp-container-core-group-is-layout-26420631 wp-block-group-is-layout-constrained\">\n<h2 class=\"wp-block-heading gutenify-section-1174a0f0-ddb1-11ee-81c2-31b9d7d43174 has-slider-title-font-size\" style=\"font-style:normal;font-weight:600;text-transform:capitalize\">Structures m\u00e9talliques<\/h2>\n\n\n\n<p class=\"gutenify-section-117a1f30-ddb1-11ee-81c2-31b9d7d43174\">EMNA Engineering est un bureau d&rsquo;\u00e9tudes sp\u00e9cialis\u00e9 dans les structures m\u00e9talliques. Notre \u00e9quipe d&rsquo;ing\u00e9nieurs exp\u00e9riment\u00e9s est comp\u00e9tente pour concevoir et calculer tous types de structures m\u00e9talliques, y compris :<\/p>\n\n\n\n<div class=\"wp-block-group gutenify-section-119bff10-ddb1-11ee-81c2-31b9d7d43174 is-layout-constrained wp-block-group-is-layout-constrained\">\n<ul style=\"line-height:2.5\" class=\"wp-block-list gutenify-list-style-five gutenify-section-1187dad0-ddb1-11ee-81c2-31b9d7d43174\">\n<li class=\"gutenify-section-16506290-ddb5-11ee-81c2-31b9d7d43174\"><strong>constructions modulaires m\u00e9talliques:<\/strong> B\u00e2timents industriels, Hangar en charpente m\u00e9tallique, Bungalows, Abri de voitures, etc..<\/li>\n\n\n\n<li class=\"gutenify-section-1183bc20-ddb1-11ee-81c2-31b9d7d43174\"><strong>Planchers:<\/strong>&nbsp;Mezzanines, Plancher collaborant, Passerelles m\u00e9talliques, etc.<\/li>\n\n\n\n<li class=\"gutenify-section-c45e0fc0-ddb2-11ee-81c2-31b9d7d43174\"><strong>Escaliers:<\/strong>&nbsp;Escaliers droits, Escaliers h\u00e9lico\u00efdaux<\/li>\n\n\n\n<li class=\"gutenify-section-d7e74840-ddb2-11ee-81c2-31b9d7d43174\"><strong>Divers supports :<\/strong>&nbsp;Poutre de roulement, Monorails Potences, pyl\u00f4nes, Garde-corps, etc.<\/li>\n<\/ul>\n\n\n\n<div class=\"wp-block-buttons gutenify-section-119177c0-ddb1-11ee-81c2-31b9d7d43174 is-content-justification-left is-layout-flex wp-container-core-buttons-is-layout-fc4fd283 wp-block-buttons-is-layout-flex\"><\/div>\n<\/div>\n<\/div>\n<\/div>\n\n\n\n<div class=\"wp-block-column is-vertically-aligned-top gutenify-section-11c4bcc0-ddb1-11ee-81c2-31b9d7d43174 is-layout-flow wp-block-column-is-layout-flow\" style=\"flex-basis:50%\">\n<div class=\"wp-block-cover is-light has-custom-content-position is-position-bottom-left gutenify-section-11bdb7e0-ddb1-11ee-81c2-31b9d7d43174\" style=\"padding-top:var(--wp--preset--spacing--50);padding-right:var(--wp--preset--spacing--50);padding-bottom:var(--wp--preset--spacing--50);padding-left:var(--wp--preset--spacing--50);min-height:750px;aspect-ratio:unset;\"><img loading=\"lazy\" decoding=\"async\" width=\"1024\" height=\"1371\" class=\"wp-block-cover__image-background wp-image-257 size-full\" alt=\"\" src=\"https:\/\/www.emna-engineering.com\/wp-content\/uploads\/2025\/09\/structures-metalliques_emna-engineering-2.png\" data-object-fit=\"cover\" srcset=\"https:\/\/www.emna-engineering.com\/wp-content\/uploads\/2025\/09\/structures-metalliques_emna-engineering-2.png 1024w, https:\/\/www.emna-engineering.com\/wp-content\/uploads\/2025\/09\/structures-metalliques_emna-engineering-2-224x300.png 224w, https:\/\/www.emna-engineering.com\/wp-content\/uploads\/2025\/09\/structures-metalliques_emna-engineering-2-765x1024.png 765w, https:\/\/www.emna-engineering.com\/wp-content\/uploads\/2025\/09\/structures-metalliques_emna-engineering-2-768x1028.png 768w\" sizes=\"auto, (max-width: 1024px) 100vw, 1024px\" \/><span aria-hidden=\"true\" class=\"wp-block-cover__background has-background-dim-0 has-background-dim has-background-gradient\" style=\"background-color:#8c8d85;background:linear-gradient(270deg,rgba(0,0,0,0) 88%,rgb(255,255,255) 88%)\"><\/span><div class=\"wp-block-cover__inner-container is-layout-flow wp-block-cover-is-layout-flow\">\n<p class=\"has-text-align-center gutenify-section-11b6da10-ddb1-11ee-81c2-31b9d7d43174 has-large-font-size\"><\/p>\n<\/div><\/div>\n<\/div>\n<\/div>\n<\/div>\n\n\n\n<div class=\"wp-block-group alignfull gutenify-section-c3885530-2d66-11ee-bc19-6d5cb3e09be1 is-layout-constrained wp-container-core-group-is-layout-955c507f wp-block-group-is-layout-constrained\" style=\"padding-top:100px;padding-right:30px;padding-bottom:100px;padding-left:30px\">\n<div class=\"wp-block-columns alignwide gutenify-section-c3876ad0-2d66-11ee-bc19-6d5cb3e09be1 is-layout-flex wp-container-core-columns-is-layout-5f15b89b wp-block-columns-is-layout-flex\" style=\"padding-top:0;padding-right:0;padding-bottom:0;padding-left:0\">\n<div class=\"wp-block-column is-vertically-aligned-center gutenify-section-c37bf920-2d66-11ee-bc19-6d5cb3e09be1 is-layout-flow wp-block-column-is-layout-flow\" style=\"flex-basis:50%\">\n<div class=\"wp-block-cover is-light has-custom-content-position is-position-bottom-left gutenify-section-c37ae7b0-2d66-11ee-bc19-6d5cb3e09be1\" style=\"padding-top:var(--wp--preset--spacing--50);padding-right:var(--wp--preset--spacing--50);padding-bottom:var(--wp--preset--spacing--50);padding-left:var(--wp--preset--spacing--50);min-height:662px;aspect-ratio:unset;\"><img loading=\"lazy\" decoding=\"async\" width=\"686\" height=\"786\" class=\"wp-block-cover__image-background wp-image-267 size-full\" alt=\"\" src=\"https:\/\/www.emna-engineering.com\/wp-content\/uploads\/2025\/09\/structures-beton_arme_emna-engineering-6.png\" data-object-fit=\"cover\" srcset=\"https:\/\/www.emna-engineering.com\/wp-content\/uploads\/2025\/09\/structures-beton_arme_emna-engineering-6.png 686w, https:\/\/www.emna-engineering.com\/wp-content\/uploads\/2025\/09\/structures-beton_arme_emna-engineering-6-262x300.png 262w\" sizes=\"auto, (max-width: 686px) 100vw, 686px\" \/><span aria-hidden=\"true\" class=\"wp-block-cover__background has-background-dim-0 has-background-dim has-background-gradient\" style=\"background-color:#ecebea;background:linear-gradient(270deg,rgba(0,0,0,0) 88%,rgb(255,255,255) 88%)\"><\/span><div class=\"wp-block-cover__inner-container is-layout-flow wp-block-cover-is-layout-flow\">\n<p class=\"has-text-align-center gutenify-section-c3778c50-2d66-11ee-bc19-6d5cb3e09be1 has-large-font-size\"><\/p>\n<\/div><\/div>\n<\/div>\n\n\n\n<div class=\"wp-block-column is-vertically-aligned-center gutenify-section-c3868070-2d66-11ee-bc19-6d5cb3e09be1 is-layout-flow wp-block-column-is-layout-flow\" style=\"padding-top:40px;padding-right:40px;padding-bottom:40px;padding-left:40px\">\n<div class=\"wp-block-group alignwide gutenify-section-c3856f00-2d66-11ee-bc19-6d5cb3e09be1 is-layout-constrained wp-container-core-group-is-layout-26420631 wp-block-group-is-layout-constrained\">\n<h2 class=\"wp-block-heading gutenify-section-c3808d00-2d66-11ee-bc19-6d5cb3e09be1 has-slider-title-font-size\" style=\"font-style:normal;font-weight:600;text-transform:capitalize\"><strong>structures en b\u00e9ton arm\u00e9<\/strong><\/h2>\n\n\n\n<p class=\"gutenify-section-dbe9d600-ddb8-11ee-81c2-31b9d7d43174\">EMNA Engineering est aussi sp\u00e9cialis\u00e9 dans les structures en b\u00e9ton arm\u00e9. Notre \u00e9quipe d&rsquo;ing\u00e9nieurs exp\u00e9riment\u00e9s est comp\u00e9tente pour concevoir et calculer tous types de structures en b\u00e9ton arm\u00e9, y compris :<\/p>\n\n\n\n<ul class=\"wp-block-list gutenify-section-dc037880-ddb8-11ee-81c2-31b9d7d43174\">\n<li class=\"gutenify-section-dbf0dae0-ddb8-11ee-81c2-31b9d7d43174\"><strong>Superstructure&nbsp;et ses \u00e9l\u00e9ments<\/strong>:&nbsp;nervure,&nbsp;poutre,&nbsp;poteau,&nbsp;dalle pleine, mur&nbsp;voile, etc.<\/li>\n\n\n\n<li class=\"gutenify-section-dbf6a740-ddb8-11ee-81c2-31b9d7d43174\"><strong>Fondations superficielles et profondes:<\/strong>&nbsp;Semelles, pieux, etc.<\/li>\n<\/ul>\n\n\n\n<div class=\"wp-block-group gutenify-section-c3845d90-2d66-11ee-bc19-6d5cb3e09be1 is-layout-constrained wp-block-group-is-layout-constrained\">\n<div class=\"wp-block-buttons gutenify-section-c3837330-2d66-11ee-bc19-6d5cb3e09be1 is-content-justification-left is-layout-flex wp-container-core-buttons-is-layout-fc4fd283 wp-block-buttons-is-layout-flex\"><\/div>\n<\/div>\n<\/div>\n<\/div>\n<\/div>\n<\/div>\n<\/div>\n\n\n\n<p class=\"gutenify-section-ed3685a0-ddb0-11ee-81c2-31b9d7d43174\" style=\"padding-top:0;padding-right:0;padding-bottom:0;padding-left:0\"><\/p>\n\n\n\n<p><\/p>\n","protected":false},"excerpt":{"rendered":"<p>Nos Services Notre domaine d&rsquo;expertise englobe l&rsquo;ensemble des \u00e9tapes cruciales d&rsquo;un projet de construction, que [&hellip;]<\/p>\n","protected":false},"author":1,"featured_media":0,"parent":0,"menu_order":0,"comment_status":"closed","ping_status":"closed","template":"","meta":{"footnotes":""},"class_list":["post-34","page","type-page","status-publish","hentry"],"_links":{"self":[{"href":"https:\/\/www.emna-engineering.com\/index.php\/wp-json\/wp\/v2\/pages\/34","targetHints":{"allow":["GET"]}}],"collection":[{"href":"https:\/\/www.emna-engineering.com\/index.php\/wp-json\/wp\/v2\/pages"}],"about":[{"href":"https:\/\/www.emna-engineering.com\/index.php\/wp-json\/wp\/v2\/types\/page"}],"author":[{"embeddable":true,"href":"https:\/\/www.emna-engineering.com\/index.php\/wp-json\/wp\/v2\/users\/1"}],"replies":[{"embeddable":true,"href":"https:\/\/www.emna-engineering.com\/index.php\/wp-json\/wp\/v2\/comments?post=34"}],"version-history":[{"count":36,"href":"https:\/\/www.emna-engineering.com\/index.php\/wp-json\/wp\/v2\/pages\/34\/revisions"}],"predecessor-version":[{"id":268,"href":"https:\/\/www.emna-engineering.com\/index.php\/wp-json\/wp\/v2\/pages\/34\/revisions\/268"}],"wp:attachment":[{"href":"https:\/\/www.emna-engineering.com\/index.php\/wp-json\/wp\/v2\/media?parent=34"}],"curies":[{"name":"wp","href":"https:\/\/api.w.org\/{rel}","templated":true}]}}